{"id":48,"date":"2020-06-15T12:54:00","date_gmt":"2020-06-15T12:54:00","guid":{"rendered":"http:\/\/asvn.fr\/?page_id=48"},"modified":"2026-04-17T13:52:05","modified_gmt":"2026-04-17T11:52:05","slug":"membres","status":"publish","type":"page","link":"https:\/\/asvn.fr\/?page_id=48","title":{"rendered":"CLUB INFOS"},"content":{"rendered":"\n<p class=\"has-text-align-center\" style=\"font-size:24px\"><strong><a href=\"https:\/\/asvn.fr\/?page_id=30\" target=\"_blank\" rel=\"noreferrer noopener\">&gt;&gt; Voir les derni\u00e8re NEWS de la saison &lt;&lt;<\/a><\/strong><\/p>\n\n\n\n<div class=\"wp-block-group is-horizontal is-content-justification-center is-nowrap is-layout-flex wp-container-core-group-is-layout-c1dfda1e wp-block-group-is-layout-flex\">\n<p class=\"has-small-font-size\"><strong>Nota<\/strong> : pour s\u2019inscrire et suivre les cours ASVN il est n\u00e9cessaire de&nbsp;pouvoir sauter ou plonger sans appr\u00e9hension, s\u2019immerger dans l\u2019eau, nager sur le dos et sur le ventre, parcourir au moins 25 m\u00e8tres dans le grand bassin (en brasse et (id\u00e9alement en crawl), sans s\u2019arr\u00eater en toute autonomie, sans aucune aide de mat\u00e9riel de flottaison. Le niveau de chaque nageur sera valid\u00e9 par une \u00ab&nbsp;\u00e9valuation dans l\u2019eau&nbsp;\u00bb faite par l\u2019un de nos Maitre Nageurs Entraineurs lors d\u2019une s\u00e9ance d\u2019essai.<\/p>\n<\/div>\n\n\n\n<p class=\"has-small-font-size\"><strong><mark style=\"background-color:rgba(0, 0, 0, 0)\" class=\"has-inline-color has-vivid-red-color\">INFORMATION<\/mark><\/strong><br>Les cours Adultes pourront, sur demande expresse des Parents, \u00eatre accessibles aux Adolescent-e-s sous certaines conditions, \u00e0 savoir :<br>1 &#8211; L&rsquo;adolescent-e devra \u00eatre \u00e2g\u00e9-e de 15 ans r\u00e9volu au 1er Juin 2024<br>2 &#8211; Sous r\u00e9serve qu&rsquo;il y ait de la place dans les cours Adulte.<br>3 &#8211; avec Validation d&rsquo;un Coach<br>4 &#8211; avec Validation du Bureau ASVN<br><\/p>\n\n\n<p><span style=\"text-decoration: underline;\"><strong>Le Bureau du club saison 2025<\/strong><\/span><\/p>\n<p><span style=\"font-weight: 400;\">Pr\u00e9sident : <a href=\"mailto:president@asvn.fr\">Jean Luc VERGUET<\/a><br \/><\/span><span style=\"font-weight: 400;\">Vice-Pr\u00e9sident : n\/a<br \/><\/span><span style=\"font-weight: 400;\">Tr\u00e9sori\u00e8re : Marie-Agnes PASTERNAK<br \/><\/span><span style=\"font-weight: 400;\">Secr\u00e9taire : Sylvie VERGUET<br \/>Vice-Secr\u00e9taire : Laurent FLAVENOT<\/span><\/p>\n<p><strong>Le Conseil d&rsquo;Administration du club : <\/strong>Christine, Jean Luc, Sylvie, Laurent A., Laurent F., Marie-Agn\u00e8s, Marilyn<\/p>\n<h3><a href=\"https:\/\/asvn.fr\/wp-content\/uploads\/2022\/03\/asvn-coach.png\"><img loading=\"lazy\" decoding=\"async\" class=\"wp-image-657 alignleft\" src=\"https:\/\/asvn.fr\/wp-content\/uploads\/2022\/03\/asvn-coach-300x261.png\" alt=\"\" width=\"265\" height=\"231\" srcset=\"https:\/\/asvn.fr\/wp-content\/uploads\/2022\/03\/asvn-coach-300x261.png 300w, https:\/\/asvn.fr\/wp-content\/uploads\/2022\/03\/asvn-coach.png 748w\" sizes=\"auto, (max-width: 265px) 100vw, 265px\" \/><\/a><strong><span style=\"text-decoration: underline;\">Les Coachs saison 2026<br \/><\/span><\/strong><br \/>A venir<br \/><br \/><\/h3>\n\n\n<p class=\"has-text-align-left\"><\/p>\n\n\n\n<p>envoyez nous un mail <a href=\"mailto:a.s.vence.natation@gmail.com\">a.s.vence.natation@gmail.com<\/a><br>notre <a href=\"https:\/\/www.facebook.com\/ASVNVenceNatation\" target=\"_blank\" rel=\"noreferrer noopener\">Page Facebook<\/a> notre chaine <a href=\"https:\/\/www.youtube.com\/@clubdenatationasvn-vencena3691\" target=\"_blank\" rel=\"noreferrer noopener\">Youtube<\/a><br>Pour notre Politique de confidentialit\u00e9 \/ RGPD ( <a href=\"https:\/\/asvn.fr\/wp-content\/uploads\/2022\/06\/RGPD.pdf\" target=\"_blank\" rel=\"noreferrer noopener\">ICI<\/a> )<\/p>\n","protected":false},"excerpt":{"rendered":"<p>&gt;&gt; Voir les derni\u00e8re NEWS de la saison &lt;&lt; Nota : pour s\u2019inscrire et suivre les cours ASVN il est n\u00e9cessaire de&nbsp;pouvoir sauter ou plonger sans appr\u00e9hension, s\u2019immerger dans l\u2019eau, nager sur le dos et sur le ventre, parcourir au &hellip; <a href=\"https:\/\/asvn.fr\/?page_id=48\">Continuer la lecture <span class=\"meta-nav\">&rarr;<\/span><\/a><\/p>\n","protected":false},"author":2,"featured_media":0,"parent":0,"menu_order":0,"comment_status":"closed","ping_status":"closed","template":"","meta":{"footnotes":""},"class_list":["post-48","page","type-page","status-publish","hentry"],"_links":{"self":[{"href":"https:\/\/asvn.fr\/index.php?rest_route=\/wp\/v2\/pages\/48","targetHints":{"allow":["GET"]}}],"collection":[{"href":"https:\/\/asvn.fr\/index.php?rest_route=\/wp\/v2\/pages"}],"about":[{"href":"https:\/\/asvn.fr\/index.php?rest_route=\/wp\/v2\/types\/page"}],"author":[{"embeddable":true,"href":"https:\/\/asvn.fr\/index.php?rest_route=\/wp\/v2\/users\/2"}],"replies":[{"embeddable":true,"href":"https:\/\/asvn.fr\/index.php?rest_route=%2Fwp%2Fv2%2Fcomments&post=48"}],"version-history":[{"count":74,"href":"https:\/\/asvn.fr\/index.php?rest_route=\/wp\/v2\/pages\/48\/revisions"}],"predecessor-version":[{"id":1997,"href":"https:\/\/asvn.fr\/index.php?rest_route=\/wp\/v2\/pages\/48\/revisions\/1997"}],"wp:attachment":[{"href":"https:\/\/asvn.fr\/index.php?rest_route=%2Fwp%2Fv2%2Fmedia&parent=48"}],"curies":[{"name":"wp","href":"https:\/\/api.w.org\/{rel}","templated":true}]}}