{"id":1664,"date":"2024-05-31T05:22:25","date_gmt":"2024-05-31T05:22:25","guid":{"rendered":"https:\/\/asvn.fr\/?page_id=1664"},"modified":"2024-08-30T14:09:52","modified_gmt":"2024-08-30T12:09:52","slug":"newsletter","status":"publish","type":"page","link":"https:\/\/asvn.fr\/?page_id=1664","title":{"rendered":"NEWSLETTER"},"content":{"rendered":"\n<p>Retrouver ici toutes nos newsletter<\/p>\n\n\n\n<p style=\"font-size:14px\">30 aout 2024 &#8211; Septembre Water Polo et Assembl\u00e9e G\u00e9n\u00e9rale 2024 : <a href=\"https:\/\/0549z.mjt.lu\/nl3\/bA8Rrw570uDcUGFt6Kp7Bw?hl=fr\">https:\/\/0549z.mjt.lu\/nl3\/bA8Rrw570uDcUGFt6Kp7Bw?hl=fr<\/a><br>16 juillet 2024 &#8211; Rappel des r\u00e8gles d&rsquo;Aquagym &amp; Aquatraining : <a href=\"https:\/\/0549z.mjt.lu\/nl3\/5bn09o4RuMhPyXq95rfowQ?hl=fr\">https:\/\/0549z.mjt.lu\/nl3\/5bn09o4RuMhPyXq95rfowQ?hl=fr<\/a><br>9 juillet 2024 &#8211; Sp\u00e9cial &#8211; Les iles du L\u00e9rins 2024 : <a href=\"https:\/\/0549z.mjt.lu\/nl3\/z8B7G3UjAk3s3TKykpKx-w?hl=fr\">https:\/\/0549z.mjt.lu\/nl3\/z8B7G3UjAk3s3TKykpKx-w?hl=fr<\/a><br>3 juillet 2024 &#8211; bilan Juin, News et Infos, AG, L\u00e9rins : <a href=\"https:\/\/0549z.mjt.lu\/nl3\/uUXReQSWdnfmzGWmxSIDZA?hl=fr\">https:\/\/0549z.mjt.lu\/nl3\/uUXReQSWdnfmzGWmxSIDZA?hl=fr<\/a><br>31 Mai 2024 &#8211; confirmation inscription, informations et consignes : <a href=\"https:\/\/0549z.mjt.lu\/nl3\/oWyBXt8eEOICx0Fq8hQTmA?hl=fr\">https:\/\/0549z.mjt.lu\/nl3\/oWyBXt8eEOICx0Fq8hQTmA?hl=fr<\/a><br>30 Mai 2024 &#8211; Annonce arr\u00eat des inscriptions : <a href=\"https:\/\/0549z.mjt.lu\/nl3\/cYz0Bb-1gCmzdGiNpQtQFg?hl=fr\">https:\/\/0549z.mjt.lu\/nl3\/cYz0Bb-1gCmzdGiNpQtQFg?hl=fr<\/a><br>Mai 2024 &#8211; Rappel inscriptions : <a href=\"https:\/\/0549z.mjt.lu\/nl3\/3cdkP0aiIJMhFBzlnu5Fww?hl=fr\">https:\/\/0549z.mjt.lu\/nl3\/3cdkP0aiIJMhFBzlnu5Fww?hl=fr<\/a><br>Mars 2024 &#8211; Infos Saison : <a href=\"https:\/\/0549z.mjt.lu\/nl3\/tQXnYnzdEOJonie-iemnMQ?hl=fr\">https:\/\/0549z.mjt.lu\/nl3\/tQXnYnzdEOJonie-iemnMQ?hl=fr<\/a><\/p>\n","protected":false},"excerpt":{"rendered":"<p>Retrouver ici toutes nos newsletter 30 aout 2024 &#8211; Septembre Water Polo et Assembl\u00e9e G\u00e9n\u00e9rale 2024 : https:\/\/0549z.mjt.lu\/nl3\/bA8Rrw570uDcUGFt6Kp7Bw?hl=fr16 juillet 2024 &#8211; Rappel des r\u00e8gles d&rsquo;Aquagym &amp; Aquatraining : https:\/\/0549z.mjt.lu\/nl3\/5bn09o4RuMhPyXq95rfowQ?hl=fr9 juillet 2024 &#8211; Sp\u00e9cial &#8211; Les iles du L\u00e9rins 2024 : &hellip; <a href=\"https:\/\/asvn.fr\/?page_id=1664\">Continuer la lecture <span class=\"meta-nav\">&rarr;<\/span><\/a><\/p>\n","protected":false},"author":2,"featured_media":0,"parent":0,"menu_order":0,"comment_status":"closed","ping_status":"closed","template":"","meta":{"footnotes":""},"class_list":["post-1664","page","type-page","status-publish","hentry"],"_links":{"self":[{"href":"https:\/\/asvn.fr\/index.php?rest_route=\/wp\/v2\/pages\/1664","targetHints":{"allow":["GET"]}}],"collection":[{"href":"https:\/\/asvn.fr\/index.php?rest_route=\/wp\/v2\/pages"}],"about":[{"href":"https:\/\/asvn.fr\/index.php?rest_route=\/wp\/v2\/types\/page"}],"author":[{"embeddable":true,"href":"https:\/\/asvn.fr\/index.php?rest_route=\/wp\/v2\/users\/2"}],"replies":[{"embeddable":true,"href":"https:\/\/asvn.fr\/index.php?rest_route=%2Fwp%2Fv2%2Fcomments&post=1664"}],"version-history":[{"count":6,"href":"https:\/\/asvn.fr\/index.php?rest_route=\/wp\/v2\/pages\/1664\/revisions"}],"predecessor-version":[{"id":1882,"href":"https:\/\/asvn.fr\/index.php?rest_route=\/wp\/v2\/pages\/1664\/revisions\/1882"}],"wp:attachment":[{"href":"https:\/\/asvn.fr\/index.php?rest_route=%2Fwp%2Fv2%2Fmedia&parent=1664"}],"curies":[{"name":"wp","href":"https:\/\/api.w.org\/{rel}","templated":true}]}}